{"id":45376,"date":"2024-12-20T09:53:28","date_gmt":"2024-12-20T09:53:28","guid":{"rendered":"https:\/\/www.agrupamentoverticalgaviao.pt\/?page_id=45376"},"modified":"2024-12-20T09:53:31","modified_gmt":"2024-12-20T09:53:31","slug":"programa-de-apoio-a-promocao-e-educacao-para-a-saude","status":"publish","type":"page","link":"https:\/\/www.agrupamentoverticalgaviao.pt\/?page_id=45376","title":{"rendered":"Programa de Apoio \u00e0 Promo\u00e7\u00e3o e Educa\u00e7\u00e3o para a Sa\u00fade"},"content":{"rendered":"\n<div data-wp-interactive=\"core\/file\" class=\"wp-block-file\"><object data-wp-bind--hidden=\"!state.hasPdfPreview\" hidden class=\"wp-block-file__embed\" data=\"https:\/\/www.agrupamentoverticalgaviao.pt\/wp-content\/uploads\/2024\/12\/Projeto-de-educacao-e-promocao-para-a-saude-24.25.pdf\" type=\"application\/pdf\" style=\"width:100%;height:600px\" aria-label=\"Incorpora\u00e7\u00e3o de Projeto de Educa\u00e7\u00e3o e Promo\u00e7\u00e3o para a Sa\u00fade (PES) 2024\/2025.\"><\/object><a id=\"wp-block-file--media-e0a00341-082a-463c-ae26-b3e72ba6bb4b\" href=\"https:\/\/www.agrupamentoverticalgaviao.pt\/wp-content\/uploads\/2024\/12\/Projeto-de-educacao-e-promocao-para-a-saude-24.25.pdf\">Projeto de Educa\u00e7\u00e3o e Promo\u00e7\u00e3o para a Sa\u00fade (PES) 2024\/2025<\/a><a href=\"https:\/\/www.agrupamentoverticalgaviao.pt\/wp-content\/uploads\/2024\/12\/Projeto-de-educacao-e-promocao-para-a-saude-24.25.pdf\" class=\"wp-block-file__button wp-element-button\" download aria-describedby=\"wp-block-file--media-e0a00341-082a-463c-ae26-b3e72ba6bb4b\">Descarregar<\/a><\/div>\n","protected":false},"excerpt":{"rendered":"","protected":false},"author":2,"featured_media":0,"parent":0,"menu_order":0,"comment_status":"closed","ping_status":"closed","template":"","meta":{"footnotes":""},"class_list":["post-45376","page","type-page","status-publish","hentry"],"yoast_head":"<!-- This site is optimized with the Yoast SEO plugin v27.5 - https:\/\/yoast.com\/product\/yoast-seo-wordpress\/ -->\n<title>Programa de Apoio \u00e0 Promo\u00e7\u00e3o e Educa\u00e7\u00e3o para a Sa\u00fade - Agrupamento de Escolas de Gavi\u00e3o<\/title>\n<meta name=\"robots\" content=\"index, follow, max-snippet:-1, max-image-preview:large, max-video-preview:-1\" \/>\n<link rel=\"canonical\" href=\"https:\/\/www.agrupamentoverticalgaviao.pt\/?page_id=45376\" \/>\n<meta property=\"og:locale\" content=\"pt_PT\" \/>\n<meta property=\"og:type\" content=\"article\" \/>\n<meta property=\"og:title\" content=\"Programa de Apoio \u00e0 Promo\u00e7\u00e3o e Educa\u00e7\u00e3o para a Sa\u00fade - Agrupamento de Escolas de Gavi\u00e3o\" \/>\n<meta property=\"og:url\" content=\"https:\/\/www.agrupamentoverticalgaviao.pt\/?page_id=45376\" \/>\n<meta property=\"og:site_name\" content=\"Agrupamento de Escolas de Gavi\u00e3o\" \/>\n<meta property=\"article:modified_time\" content=\"2024-12-20T09:53:31+00:00\" \/>\n<meta property=\"og:image\" content=\"https:\/\/www.agrupamentoverticalgaviao.pt\/wp-content\/uploads\/2025\/11\/Agrupamento-de-Escolas-de-Gaviao.jpg\" \/>\n\t<meta property=\"og:image:width\" content=\"1200\" \/>\n\t<meta property=\"og:image:height\" content=\"675\" \/>\n\t<meta property=\"og:image:type\" content=\"image\/jpeg\" \/>\n<meta name=\"twitter:card\" content=\"summary_large_image\" \/>\n<script type=\"application\/ld+json\" class=\"yoast-schema-graph\">{\"@context\":\"https:\\\/\\\/schema.org\",\"@graph\":[{\"@type\":\"WebPage\",\"@id\":\"https:\\\/\\\/www.agrupamentoverticalgaviao.pt\\\/?page_id=45376\",\"url\":\"https:\\\/\\\/www.agrupamentoverticalgaviao.pt\\\/?page_id=45376\",\"name\":\"Programa de Apoio \u00e0 Promo\u00e7\u00e3o e Educa\u00e7\u00e3o para a Sa\u00fade - Agrupamento de Escolas de Gavi\u00e3o\",\"isPartOf\":{\"@id\":\"https:\\\/\\\/www.agrupamentoverticalgaviao.pt\\\/#website\"},\"datePublished\":\"2024-12-20T09:53:28+00:00\",\"dateModified\":\"2024-12-20T09:53:31+00:00\",\"breadcrumb\":{\"@id\":\"https:\\\/\\\/www.agrupamentoverticalgaviao.pt\\\/?page_id=45376#breadcrumb\"},\"inLanguage\":\"pt-PT\",\"potentialAction\":[{\"@type\":\"ReadAction\",\"target\":[\"https:\\\/\\\/www.agrupamentoverticalgaviao.pt\\\/?page_id=45376\"]}]},{\"@type\":\"BreadcrumbList\",\"@id\":\"https:\\\/\\\/www.agrupamentoverticalgaviao.pt\\\/?page_id=45376#breadcrumb\",\"itemListElement\":[{\"@type\":\"ListItem\",\"position\":1,\"name\":\"In\u00edcio\",\"item\":\"https:\\\/\\\/www.agrupamentoverticalgaviao.pt\\\/\"},{\"@type\":\"ListItem\",\"position\":2,\"name\":\"Programa de Apoio \u00e0 Promo\u00e7\u00e3o e Educa\u00e7\u00e3o para a Sa\u00fade\"}]},{\"@type\":\"WebSite\",\"@id\":\"https:\\\/\\\/www.agrupamentoverticalgaviao.pt\\\/#website\",\"url\":\"https:\\\/\\\/www.agrupamentoverticalgaviao.pt\\\/\",\"name\":\"Agrupamento de Escolas de Gavi\u00e3o\",\"description\":\"\",\"alternateName\":\"Agrupamento de Escolas de Gavi\u00e3o\",\"potentialAction\":[{\"@type\":\"SearchAction\",\"target\":{\"@type\":\"EntryPoint\",\"urlTemplate\":\"https:\\\/\\\/www.agrupamentoverticalgaviao.pt\\\/?s={search_term_string}\"},\"query-input\":{\"@type\":\"PropertyValueSpecification\",\"valueRequired\":true,\"valueName\":\"search_term_string\"}}],\"inLanguage\":\"pt-PT\"}]}<\/script>\n<!-- \/ Yoast SEO plugin. -->","yoast_head_json":{"title":"Programa de Apoio \u00e0 Promo\u00e7\u00e3o e Educa\u00e7\u00e3o para a Sa\u00fade - Agrupamento de Escolas de Gavi\u00e3o","robots":{"index":"index","follow":"follow","max-snippet":"max-snippet:-1","max-image-preview":"max-image-preview:large","max-video-preview":"max-video-preview:-1"},"canonical":"https:\/\/www.agrupamentoverticalgaviao.pt\/?page_id=45376","og_locale":"pt_PT","og_type":"article","og_title":"Programa de Apoio \u00e0 Promo\u00e7\u00e3o e Educa\u00e7\u00e3o para a Sa\u00fade - Agrupamento de Escolas de Gavi\u00e3o","og_url":"https:\/\/www.agrupamentoverticalgaviao.pt\/?page_id=45376","og_site_name":"Agrupamento de Escolas de Gavi\u00e3o","article_modified_time":"2024-12-20T09:53:31+00:00","og_image":[{"width":1200,"height":675,"url":"https:\/\/www.agrupamentoverticalgaviao.pt\/wp-content\/uploads\/2025\/11\/Agrupamento-de-Escolas-de-Gaviao.jpg","type":"image\/jpeg"}],"twitter_card":"summary_large_image","schema":{"@context":"https:\/\/schema.org","@graph":[{"@type":"WebPage","@id":"https:\/\/www.agrupamentoverticalgaviao.pt\/?page_id=45376","url":"https:\/\/www.agrupamentoverticalgaviao.pt\/?page_id=45376","name":"Programa de Apoio \u00e0 Promo\u00e7\u00e3o e Educa\u00e7\u00e3o para a Sa\u00fade - Agrupamento de Escolas de Gavi\u00e3o","isPartOf":{"@id":"https:\/\/www.agrupamentoverticalgaviao.pt\/#website"},"datePublished":"2024-12-20T09:53:28+00:00","dateModified":"2024-12-20T09:53:31+00:00","breadcrumb":{"@id":"https:\/\/www.agrupamentoverticalgaviao.pt\/?page_id=45376#breadcrumb"},"inLanguage":"pt-PT","potentialAction":[{"@type":"ReadAction","target":["https:\/\/www.agrupamentoverticalgaviao.pt\/?page_id=45376"]}]},{"@type":"BreadcrumbList","@id":"https:\/\/www.agrupamentoverticalgaviao.pt\/?page_id=45376#breadcrumb","itemListElement":[{"@type":"ListItem","position":1,"name":"In\u00edcio","item":"https:\/\/www.agrupamentoverticalgaviao.pt\/"},{"@type":"ListItem","position":2,"name":"Programa de Apoio \u00e0 Promo\u00e7\u00e3o e Educa\u00e7\u00e3o para a Sa\u00fade"}]},{"@type":"WebSite","@id":"https:\/\/www.agrupamentoverticalgaviao.pt\/#website","url":"https:\/\/www.agrupamentoverticalgaviao.pt\/","name":"Agrupamento de Escolas de Gavi\u00e3o","description":"","alternateName":"Agrupamento de Escolas de Gavi\u00e3o","potentialAction":[{"@type":"SearchAction","target":{"@type":"EntryPoint","urlTemplate":"https:\/\/www.agrupamentoverticalgaviao.pt\/?s={search_term_string}"},"query-input":{"@type":"PropertyValueSpecification","valueRequired":true,"valueName":"search_term_string"}}],"inLanguage":"pt-PT"}]}},"_links":{"self":[{"href":"https:\/\/www.agrupamentoverticalgaviao.pt\/index.php?rest_route=\/wp\/v2\/pages\/45376","targetHints":{"allow":["GET"]}}],"collection":[{"href":"https:\/\/www.agrupamentoverticalgaviao.pt\/index.php?rest_route=\/wp\/v2\/pages"}],"about":[{"href":"https:\/\/www.agrupamentoverticalgaviao.pt\/index.php?rest_route=\/wp\/v2\/types\/page"}],"author":[{"embeddable":true,"href":"https:\/\/www.agrupamentoverticalgaviao.pt\/index.php?rest_route=\/wp\/v2\/users\/2"}],"replies":[{"embeddable":true,"href":"https:\/\/www.agrupamentoverticalgaviao.pt\/index.php?rest_route=%2Fwp%2Fv2%2Fcomments&post=45376"}],"version-history":[{"count":1,"href":"https:\/\/www.agrupamentoverticalgaviao.pt\/index.php?rest_route=\/wp\/v2\/pages\/45376\/revisions"}],"predecessor-version":[{"id":45378,"href":"https:\/\/www.agrupamentoverticalgaviao.pt\/index.php?rest_route=\/wp\/v2\/pages\/45376\/revisions\/45378"}],"wp:attachment":[{"href":"https:\/\/www.agrupamentoverticalgaviao.pt\/index.php?rest_route=%2Fwp%2Fv2%2Fmedia&parent=45376"}],"curies":[{"name":"wp","href":"https:\/\/api.w.org\/{rel}","templated":true}]}}

Programa de Apoio à Promoção e Educação para a Saúde

<div data-wp-interactive="core/file" class="wp-block-file"><object data-wp-bind--hidden="!state.hasPdfPreview" hidden class="wp-block-file__embed" data="https://www.agrupamentoverticalgaviao.pt/wp-content/uploads/2024/12/Projeto-de-educacao-e-promocao-para-a-saude-24.25.pdf" type="application/pdf" style="width:100%;height:600px" aria-label="Incorporação de Projeto de Educação e Promoção para a Saúde (PES) 2024/2025."></object><a id="wp-block-file--media-e0a00341-082a-463c-ae26-b3e72ba6bb4b" href="https://www.agrupamentoverticalgaviao.pt/wp-content/uploads/2024/12/Projeto-de-educacao-e-promocao-para-a-saude-24.25.pdf">Projeto de Educação e Promoção para a Saúde (PES) 2024/2025</a><a href="https://www.agrupamentoverticalgaviao.pt/wp-content/uploads/2024/12/Projeto-de-educacao-e-promocao-para-a-saude-24.25.pdf" class="wp-block-file__button wp-element-button" download aria-describedby="wp-block-file--media-e0a00341-082a-463c-ae26-b3e72ba6bb4b">Descarregar</a></div>

<!-- This site is optimized with the Yoast SEO plugin v27.5 - https://yoast.com/product/yoast-seo-wordpress/ -->
<title>Programa de Apoio à Promoção e Educação para a Saúde - Agrupamento de Escolas de Gavião</title>
<meta name="robots" content="index, follow, max-snippet:-1, max-image-preview:large, max-video-preview:-1" />
<link rel="canonical" href="https://www.agrupamentoverticalgaviao.pt/?page_id=45376" />
<meta property="og:locale" content="pt_PT" />
<meta property="og:type" content="article" />
<meta property="og:title" content="Programa de Apoio à Promoção e Educação para a Saúde - Agrupamento de Escolas de Gavião" />
<meta property="og:url" content="https://www.agrupamentoverticalgaviao.pt/?page_id=45376" />
<meta property="og:site_name" content="Agrupamento de Escolas de Gavião" />
<meta property="article:modified_time" content="2024-12-20T09:53:31+00:00" />
<meta property="og:image" content="https://www.agrupamentoverticalgaviao.pt/wp-content/uploads/2025/11/Agrupamento-de-Escolas-de-Gaviao.jpg" />
	<meta property="og:image:width" content="1200" />
	<meta property="og:image:height" content="675" />
	<meta property="og:image:type" content="image/jpeg" />
<meta name="twitter:card" content="summary_large_image" />
<script type="application/ld+json" class="yoast-schema-graph">{"@context":"https:\/\/schema.org","@graph":[{"@type":"WebPage","@id":"https:\/\/www.agrupamentoverticalgaviao.pt\/?page_id=45376","url":"https:\/\/www.agrupamentoverticalgaviao.pt\/?page_id=45376","name":"Programa de Apoio à Promoção e Educação para a Saúde - Agrupamento de Escolas de Gavião","isPartOf":{"@id":"https:\/\/www.agrupamentoverticalgaviao.pt\/#website"},"datePublished":"2024-12-20T09:53:28+00:00","dateModified":"2024-12-20T09:53:31+00:00","breadcrumb":{"@id":"https:\/\/www.agrupamentoverticalgaviao.pt\/?page_id=45376#breadcrumb"},"inLanguage":"pt-PT","potentialAction":[{"@type":"ReadAction","target":["https:\/\/www.agrupamentoverticalgaviao.pt\/?page_id=45376"]}]},{"@type":"BreadcrumbList","@id":"https:\/\/www.agrupamentoverticalgaviao.pt\/?page_id=45376#breadcrumb","itemListElement":[{"@type":"ListItem","position":1,"name":"Início","item":"https:\/\/www.agrupamentoverticalgaviao.pt\/"},{"@type":"ListItem","position":2,"name":"Programa de Apoio à Promoção e Educação para a Saúde"}]},{"@type":"WebSite","@id":"https:\/\/www.agrupamentoverticalgaviao.pt\/#website","url":"https:\/\/www.agrupamentoverticalgaviao.pt\/","name":"Agrupamento de Escolas de Gavião","description":"","alternateName":"Agrupamento de Escolas de Gavião","potentialAction":[{"@type":"SearchAction","target":{"@type":"EntryPoint","urlTemplate":"https:\/\/www.agrupamentoverticalgaviao.pt\/?s={search_term_string}"},"query-input":{"@type":"PropertyValueSpecification","valueRequired":true,"valueName":"search_term_string"}}],"inLanguage":"pt-PT"}]}</script>
<!-- / Yoast SEO plugin. -->

Programa de Apoio à Promoção e Educação para a Saúde - Agrupamento de Escolas de Gavião

Agrupamento de Escolas de Gavião

Início
