{"id":297,"date":"2013-11-07T23:57:19","date_gmt":"2013-11-07T23:57:19","guid":{"rendered":"http:\/\/www3.agrupamentoverticalgaviao.pt\/pt\/?page_id=297"},"modified":"2026-03-21T16:04:01","modified_gmt":"2026-03-21T16:04:01","slug":"composicao-horario-de-atendimento","status":"publish","type":"page","link":"https:\/\/www.agrupamentoverticalgaviao.pt\/?page_id=297","title":{"rendered":"Composi\u00e7\u00e3o \/ Hor\u00e1rio de Atendimento"},"content":{"rendered":"\n<figure class=\"wp-block-table\"><table class=\"has-fixed-layout\"><tbody><tr><td rowspan=\"2\"><strong>Turma \/ Ano<\/strong><\/td><td rowspan=\"2\"><strong>Dire\u00e7\u00e3o de Turma<\/strong><\/td><td class=\"has-text-align-center\" data-align=\"center\" colspan=\"2\"><strong>ATENDIMENTO<\/strong><\/td><\/tr><tr><td><strong>Dia da semana<\/strong><\/td><td><strong>HOR\u00c1RIO<\/strong><\/td><\/tr><tr><td><strong>Pr\u00e9-escolar de Comenda<\/strong><\/td><td>Alzira Trindade Pires Evaristo<\/td><td class=\"has-text-align-center\" data-align=\"center\">Ter\u00e7a-feira<\/td><td>15:00h \u2013 16:00h<\/td><\/tr><tr><td><strong>Pr\u00e9-escolar de Gavi\u00e3o \u2013 sala 1<\/strong><\/td><td>Paula Cristina Carvalho Silva<\/td><td class=\"has-text-align-center\" data-align=\"center\">Segunda-feira<\/td><td>15:00h \u2013 16:00h<\/td><\/tr><tr><td><strong>Pr\u00e9-escolar de Gavi\u00e3o &#8211; sala 2<\/strong><\/td><td>Ana Elisabete da Costa Veloso<\/td><td class=\"has-text-align-center\" data-align=\"center\">Quinta&#8211;feira<\/td><td>15:00h \u2013 16:00h<\/td><\/tr><tr><td><strong>1\u00ba CEB de Comenda<\/strong><\/td><td>Lu\u00edsa da Concei\u00e7\u00e3o Morais Caeiro<\/td><td class=\"has-text-align-center\" data-align=\"center\">Quarta-feira<\/td><td>16:00h \u2013 16:30h<\/td><\/tr><tr><td><strong>1\u00ba ano\/EB de Gavi\u00e3o<\/strong><\/td><td>Bruna Filipa Lobato Cl\u00e9rigo<\/td><td class=\"has-text-align-center\" data-align=\"center\">Quarta-feira<\/td><td>08:30h \u2013 09:00h<\/td><\/tr><tr><td><strong>2\u00ba ano\/EB de Gavi\u00e3o<\/strong><\/td><td>Carla Alexandra R. Batista Ribeiro<\/td><td class=\"has-text-align-center\" data-align=\"center\">Quarta-feira<\/td><td>13:20h \u2013 13:50h<\/td><\/tr><tr><td><strong>3\u00ba ano\/EB de Gavi\u00e3o<\/strong><\/td><td>Rita Susana Morgado dos Santos<\/td><td class=\"has-text-align-center\" data-align=\"center\">Quarta-feira<\/td><td>11:30h \u2013 12:00h<\/td><\/tr><tr><td><strong>4\u00ba ano\/EB de Gavi\u00e3o<\/strong><\/td><td>Paula Alexandre Gon\u00e7alves Mendes &nbsp;<\/td><td class=\"has-text-align-center\" data-align=\"center\">Quarta-feira<\/td><td>11:30h \u2013 12:00h<\/td><\/tr><tr><td><strong>5.\u00ba A<\/strong><\/td><td>Cristina Maria Cabrita Diogo Mingacho<\/td><td class=\"has-text-align-center\" data-align=\"center\">Ter\u00e7a-feira<\/td><td>9:25h \u2013 10:15h<\/td><\/tr><tr><td><strong>6.\u00ba A<\/strong><\/td><td>Ana Maria Louren\u00e7o Santos<\/td><td class=\"has-text-align-center\" data-align=\"center\">Quarta-feira<\/td><td>10:35h \u2013 11:25h<\/td><\/tr><tr><td><strong>6.\u00ba B<\/strong><\/td><td>Maria Manuela da Gra\u00e7a S. C. Louro<\/td><td class=\"has-text-align-center\" data-align=\"center\">Ter\u00e7a-feira<\/td><td>11:30h \u2013 12:20h<\/td><\/tr><tr><td><strong>7.\u00ba A<\/strong><\/td><td>Anabela Fernanda Ponte dos Reis<\/td><td class=\"has-text-align-center\" data-align=\"center\">Segunda-feira<\/td><td>12:25h \u2013 13:15h<\/td><\/tr><tr><td><strong>7.\u00ba B<\/strong><\/td><td>Nuno Miguel Parreiral dos Santos Couceiro<\/td><td class=\"has-text-align-center\" data-align=\"center\">Ter\u00e7a-feira<\/td><td>11:30h \u2013 12:20h<\/td><\/tr><tr><td><strong>8.\u00ba A<\/strong><\/td><td>Alexandra Isabel Morais de Caniceira<\/td><td class=\"has-text-align-center\" data-align=\"center\">Ter\u00e7a-feira<\/td><td>9:25h \u2013 10:15h<\/td><\/tr><tr><td><strong>8.\u00ba B<\/strong><\/td><td>Fernanda Manuela R. Fernandes Ribeiro<\/td><td class=\"has-text-align-center\" data-align=\"center\">Quarta-feira<\/td><td>9:25h \u2013 10:15h<\/td><\/tr><tr><td><strong>9.\u00ba A<\/strong><\/td><td>Maria de Jesus Henriques Bairr\u00e3o<\/td><td class=\"has-text-align-center\" data-align=\"center\">Quarta-feira<\/td><td>9:25h \u2013 10:15h<\/td><\/tr><tr><td><strong>9.\u00ba B<\/strong><\/td><td>Andreia Alexandra M. Carri\u00e7o<\/td><td class=\"has-text-align-center\" data-align=\"center\">Ter\u00e7a-feira<\/td><td>8:30h \u2013 9:20h<\/td><\/tr><tr><td><strong>10\u00ba TPC\/TIAT<\/strong><\/td><td>Cl\u00e1udia Sofia Marques Cordeiro<\/td><td class=\"has-text-align-center\" data-align=\"center\">Sexta-feira<\/td><td>9:25h \u2013 10:15h<\/td><\/tr><tr><td><strong>11\u00ba TAS\/TPC<\/strong><\/td><td>S\u00edlvia Alexandra Lopes Serrano<\/td><td class=\"has-text-align-center\" data-align=\"center\">Ter\u00e7a-feira<\/td><td>10:35h \u2013 11:25h<\/td><\/tr><tr><td><strong>12\u00ba Desporto\/RB<\/strong><\/td><td>Dina Maria Nunes Faustino<\/td><td class=\"has-text-align-center\" data-align=\"center\">Ter\u00e7a-feira<\/td><td>10:35h \u2013 11:25h<\/td><\/tr><\/tbody><\/table><\/figure>\n","protected":false},"excerpt":{"rendered":"<p>Turma \/ Ano Dire\u00e7\u00e3o de Turma ATENDIMENTO Dia da semana HOR\u00c1RIO Pr\u00e9-escolar de Comenda &hellip; <\/p>\n","protected":false},"author":1,"featured_media":0,"parent":0,"menu_order":0,"comment_status":"closed","ping_status":"closed","template":"","meta":{"footnotes":""},"class_list":["post-297","page","type-page","status-publish","hentry"],"yoast_head":"<!-- This site is optimized with the Yoast SEO plugin v27.5 - https:\/\/yoast.com\/product\/yoast-seo-wordpress\/ -->\n<title>Composi\u00e7\u00e3o \/ Hor\u00e1rio de Atendimento - Agrupamento de Escolas de Gavi\u00e3o<\/title>\n<meta name=\"robots\" content=\"index, follow, max-snippet:-1, max-image-preview:large, max-video-preview:-1\" \/>\n<link rel=\"canonical\" href=\"https:\/\/www.agrupamentoverticalgaviao.pt\/?page_id=297\" \/>\n<meta property=\"og:locale\" content=\"pt_PT\" \/>\n<meta property=\"og:type\" content=\"article\" \/>\n<meta property=\"og:title\" content=\"Composi\u00e7\u00e3o \/ Hor\u00e1rio de Atendimento - Agrupamento de Escolas de Gavi\u00e3o\" \/>\n<meta property=\"og:description\" content=\"Turma \/ Ano Dire\u00e7\u00e3o de Turma ATENDIMENTO Dia da semana HOR\u00c1RIO Pr\u00e9-escolar de Comenda &hellip;\" \/>\n<meta property=\"og:url\" content=\"https:\/\/www.agrupamentoverticalgaviao.pt\/?page_id=297\" \/>\n<meta property=\"og:site_name\" content=\"Agrupamento de Escolas de Gavi\u00e3o\" \/>\n<meta property=\"article:modified_time\" content=\"2026-03-21T16:04:01+00:00\" \/>\n<meta property=\"og:image\" content=\"https:\/\/www.agrupamentoverticalgaviao.pt\/wp-content\/uploads\/2025\/11\/Agrupamento-de-Escolas-de-Gaviao.jpg\" \/>\n\t<meta property=\"og:image:width\" content=\"1200\" \/>\n\t<meta property=\"og:image:height\" content=\"675\" \/>\n\t<meta property=\"og:image:type\" content=\"image\/jpeg\" \/>\n<meta name=\"twitter:card\" content=\"summary_large_image\" \/>\n<meta name=\"twitter:label1\" content=\"Tempo estimado de leitura\" \/>\n\t<meta name=\"twitter:data1\" content=\"2 minutos\" \/>\n<script type=\"application\/ld+json\" class=\"yoast-schema-graph\">{\"@context\":\"https:\\\/\\\/schema.org\",\"@graph\":[{\"@type\":\"WebPage\",\"@id\":\"https:\\\/\\\/www.agrupamentoverticalgaviao.pt\\\/?page_id=297\",\"url\":\"https:\\\/\\\/www.agrupamentoverticalgaviao.pt\\\/?page_id=297\",\"name\":\"Composi\u00e7\u00e3o \\\/ Hor\u00e1rio de Atendimento - Agrupamento de Escolas de Gavi\u00e3o\",\"isPartOf\":{\"@id\":\"https:\\\/\\\/www.agrupamentoverticalgaviao.pt\\\/#website\"},\"datePublished\":\"2013-11-07T23:57:19+00:00\",\"dateModified\":\"2026-03-21T16:04:01+00:00\",\"breadcrumb\":{\"@id\":\"https:\\\/\\\/www.agrupamentoverticalgaviao.pt\\\/?page_id=297#breadcrumb\"},\"inLanguage\":\"pt-PT\",\"potentialAction\":[{\"@type\":\"ReadAction\",\"target\":[\"https:\\\/\\\/www.agrupamentoverticalgaviao.pt\\\/?page_id=297\"]}]},{\"@type\":\"BreadcrumbList\",\"@id\":\"https:\\\/\\\/www.agrupamentoverticalgaviao.pt\\\/?page_id=297#breadcrumb\",\"itemListElement\":[{\"@type\":\"ListItem\",\"position\":1,\"name\":\"In\u00edcio\",\"item\":\"https:\\\/\\\/www.agrupamentoverticalgaviao.pt\\\/\"},{\"@type\":\"ListItem\",\"position\":2,\"name\":\"Composi\u00e7\u00e3o \\\/ Hor\u00e1rio de Atendimento\"}]},{\"@type\":\"WebSite\",\"@id\":\"https:\\\/\\\/www.agrupamentoverticalgaviao.pt\\\/#website\",\"url\":\"https:\\\/\\\/www.agrupamentoverticalgaviao.pt\\\/\",\"name\":\"Agrupamento de Escolas de Gavi\u00e3o\",\"description\":\"\",\"alternateName\":\"Agrupamento de Escolas de Gavi\u00e3o\",\"potentialAction\":[{\"@type\":\"SearchAction\",\"target\":{\"@type\":\"EntryPoint\",\"urlTemplate\":\"https:\\\/\\\/www.agrupamentoverticalgaviao.pt\\\/?s={search_term_string}\"},\"query-input\":{\"@type\":\"PropertyValueSpecification\",\"valueRequired\":true,\"valueName\":\"search_term_string\"}}],\"inLanguage\":\"pt-PT\"}]}<\/script>\n<!-- \/ Yoast SEO plugin. -->","yoast_head_json":{"title":"Composi\u00e7\u00e3o \/ Hor\u00e1rio de Atendimento - Agrupamento de Escolas de Gavi\u00e3o","robots":{"index":"index","follow":"follow","max-snippet":"max-snippet:-1","max-image-preview":"max-image-preview:large","max-video-preview":"max-video-preview:-1"},"canonical":"https:\/\/www.agrupamentoverticalgaviao.pt\/?page_id=297","og_locale":"pt_PT","og_type":"article","og_title":"Composi\u00e7\u00e3o \/ Hor\u00e1rio de Atendimento - Agrupamento de Escolas de Gavi\u00e3o","og_description":"Turma \/ Ano Dire\u00e7\u00e3o de Turma ATENDIMENTO Dia da semana HOR\u00c1RIO Pr\u00e9-escolar de Comenda &hellip;","og_url":"https:\/\/www.agrupamentoverticalgaviao.pt\/?page_id=297","og_site_name":"Agrupamento de Escolas de Gavi\u00e3o","article_modified_time":"2026-03-21T16:04:01+00:00","og_image":[{"width":1200,"height":675,"url":"https:\/\/www.agrupamentoverticalgaviao.pt\/wp-content\/uploads\/2025\/11\/Agrupamento-de-Escolas-de-Gaviao.jpg","type":"image\/jpeg"}],"twitter_card":"summary_large_image","twitter_misc":{"Tempo estimado de leitura":"2 minutos"},"schema":{"@context":"https:\/\/schema.org","@graph":[{"@type":"WebPage","@id":"https:\/\/www.agrupamentoverticalgaviao.pt\/?page_id=297","url":"https:\/\/www.agrupamentoverticalgaviao.pt\/?page_id=297","name":"Composi\u00e7\u00e3o \/ Hor\u00e1rio de Atendimento - Agrupamento de Escolas de Gavi\u00e3o","isPartOf":{"@id":"https:\/\/www.agrupamentoverticalgaviao.pt\/#website"},"datePublished":"2013-11-07T23:57:19+00:00","dateModified":"2026-03-21T16:04:01+00:00","breadcrumb":{"@id":"https:\/\/www.agrupamentoverticalgaviao.pt\/?page_id=297#breadcrumb"},"inLanguage":"pt-PT","potentialAction":[{"@type":"ReadAction","target":["https:\/\/www.agrupamentoverticalgaviao.pt\/?page_id=297"]}]},{"@type":"BreadcrumbList","@id":"https:\/\/www.agrupamentoverticalgaviao.pt\/?page_id=297#breadcrumb","itemListElement":[{"@type":"ListItem","position":1,"name":"In\u00edcio","item":"https:\/\/www.agrupamentoverticalgaviao.pt\/"},{"@type":"ListItem","position":2,"name":"Composi\u00e7\u00e3o \/ Hor\u00e1rio de Atendimento"}]},{"@type":"WebSite","@id":"https:\/\/www.agrupamentoverticalgaviao.pt\/#website","url":"https:\/\/www.agrupamentoverticalgaviao.pt\/","name":"Agrupamento de Escolas de Gavi\u00e3o","description":"","alternateName":"Agrupamento de Escolas de Gavi\u00e3o","potentialAction":[{"@type":"SearchAction","target":{"@type":"EntryPoint","urlTemplate":"https:\/\/www.agrupamentoverticalgaviao.pt\/?s={search_term_string}"},"query-input":{"@type":"PropertyValueSpecification","valueRequired":true,"valueName":"search_term_string"}}],"inLanguage":"pt-PT"}]}},"_links":{"self":[{"href":"https:\/\/www.agrupamentoverticalgaviao.pt\/index.php?rest_route=\/wp\/v2\/pages\/297","targetHints":{"allow":["GET"]}}],"collection":[{"href":"https:\/\/www.agrupamentoverticalgaviao.pt\/index.php?rest_route=\/wp\/v2\/pages"}],"about":[{"href":"https:\/\/www.agrupamentoverticalgaviao.pt\/index.php?rest_route=\/wp\/v2\/types\/page"}],"author":[{"embeddable":true,"href":"https:\/\/www.agrupamentoverticalgaviao.pt\/index.php?rest_route=\/wp\/v2\/users\/1"}],"replies":[{"embeddable":true,"href":"https:\/\/www.agrupamentoverticalgaviao.pt\/index.php?rest_route=%2Fwp%2Fv2%2Fcomments&post=297"}],"version-history":[{"count":19,"href":"https:\/\/www.agrupamentoverticalgaviao.pt\/index.php?rest_route=\/wp\/v2\/pages\/297\/revisions"}],"predecessor-version":[{"id":47925,"href":"https:\/\/www.agrupamentoverticalgaviao.pt\/index.php?rest_route=\/wp\/v2\/pages\/297\/revisions\/47925"}],"wp:attachment":[{"href":"https:\/\/www.agrupamentoverticalgaviao.pt\/index.php?rest_route=%2Fwp%2Fv2%2Fmedia&parent=297"}],"curies":[{"name":"wp","href":"https:\/\/api.w.org\/{rel}","templated":true}]}}

Composição / Horário de Atendimento

<figure class="wp-block-table"><table class="has-fixed-layout"><tbody><tr><td rowspan="2"><strong>Turma / Ano</strong></td><td rowspan="2"><strong>Direção de Turma</strong></td><td class="has-text-align-center" data-align="center" colspan="2"><strong>ATENDIMENTO</strong></td></tr><tr><td><strong>Dia da semana</strong></td><td><strong>HORÁRIO</strong></td></tr><tr><td><strong>Pré-escolar de Comenda</strong></td><td>Alzira Trindade Pires Evaristo</td><td class="has-text-align-center" data-align="center">Terça-feira</td><td>15:00h – 16:00h</td></tr><tr><td><strong>Pré-escolar de Gavião – sala 1</strong></td><td>Paula Cristina Carvalho Silva</td><td class="has-text-align-center" data-align="center">Segunda-feira</td><td>15:00h – 16:00h</td></tr><tr><td><strong>Pré-escolar de Gavião &#8211; sala 2</strong></td><td>Ana Elisabete da Costa Veloso</td><td class="has-text-align-center" data-align="center">Quinta&#8211;feira</td><td>15:00h – 16:00h</td></tr><tr><td><strong>1º CEB de Comenda</strong></td><td>Luísa da Conceição Morais Caeiro</td><td class="has-text-align-center" data-align="center">Quarta-feira</td><td>16:00h – 16:30h</td></tr><tr><td><strong>1º ano/EB de Gavião</strong></td><td>Bruna Filipa Lobato Clérigo</td><td class="has-text-align-center" data-align="center">Quarta-feira</td><td>08:30h – 09:00h</td></tr><tr><td><strong>2º ano/EB de Gavião</strong></td><td>Carla Alexandra R. Batista Ribeiro</td><td class="has-text-align-center" data-align="center">Quarta-feira</td><td>13:20h – 13:50h</td></tr><tr><td><strong>3º ano/EB de Gavião</strong></td><td>Rita Susana Morgado dos Santos</td><td class="has-text-align-center" data-align="center">Quarta-feira</td><td>11:30h – 12:00h</td></tr><tr><td><strong>4º ano/EB de Gavião</strong></td><td>Paula Alexandre Gonçalves Mendes &nbsp;</td><td class="has-text-align-center" data-align="center">Quarta-feira</td><td>11:30h – 12:00h</td></tr><tr><td><strong>5.º A</strong></td><td>Cristina Maria Cabrita Diogo Mingacho</td><td class="has-text-align-center" data-align="center">Terça-feira</td><td>9:25h – 10:15h</td></tr><tr><td><strong>6.º A</strong></td><td>Ana Maria Lourenço Santos</td><td class="has-text-align-center" data-align="center">Quarta-feira</td><td>10:35h – 11:25h</td></tr><tr><td><strong>6.º B</strong></td><td>Maria Manuela da Graça S. C. Louro</td><td class="has-text-align-center" data-align="center">Terça-feira</td><td>11:30h – 12:20h</td></tr><tr><td><strong>7.º A</strong></td><td>Anabela Fernanda Ponte dos Reis</td><td class="has-text-align-center" data-align="center">Segunda-feira</td><td>12:25h – 13:15h</td></tr><tr><td><strong>7.º B</strong></td><td>Nuno Miguel Parreiral dos Santos Couceiro</td><td class="has-text-align-center" data-align="center">Terça-feira</td><td>11:30h – 12:20h</td></tr><tr><td><strong>8.º A</strong></td><td>Alexandra Isabel Morais de Caniceira</td><td class="has-text-align-center" data-align="center">Terça-feira</td><td>9:25h – 10:15h</td></tr><tr><td><strong>8.º B</strong></td><td>Fernanda Manuela R. Fernandes Ribeiro</td><td class="has-text-align-center" data-align="center">Quarta-feira</td><td>9:25h – 10:15h</td></tr><tr><td><strong>9.º A</strong></td><td>Maria de Jesus Henriques Bairrão</td><td class="has-text-align-center" data-align="center">Quarta-feira</td><td>9:25h – 10:15h</td></tr><tr><td><strong>9.º B</strong></td><td>Andreia Alexandra M. Carriço</td><td class="has-text-align-center" data-align="center">Terça-feira</td><td>8:30h – 9:20h</td></tr><tr><td><strong>10º TPC/TIAT</strong></td><td>Cláudia Sofia Marques Cordeiro</td><td class="has-text-align-center" data-align="center">Sexta-feira</td><td>9:25h – 10:15h</td></tr><tr><td><strong>11º TAS/TPC</strong></td><td>Sílvia Alexandra Lopes Serrano</td><td class="has-text-align-center" data-align="center">Terça-feira</td><td>10:35h – 11:25h</td></tr><tr><td><strong>12º Desporto/RB</strong></td><td>Dina Maria Nunes Faustino</td><td class="has-text-align-center" data-align="center">Terça-feira</td><td>10:35h – 11:25h</td></tr></tbody></table></figure>

<p>Turma / Ano Direção de Turma ATENDIMENTO Dia da semana HORÁRIO Pré-escolar de Comenda &hellip; </p>

<!-- This site is optimized with the Yoast SEO plugin v27.5 - https://yoast.com/product/yoast-seo-wordpress/ -->
<title>Composição / Horário de Atendimento - Agrupamento de Escolas de Gavião</title>
<meta name="robots" content="index, follow, max-snippet:-1, max-image-preview:large, max-video-preview:-1" />
<link rel="canonical" href="https://www.agrupamentoverticalgaviao.pt/?page_id=297" />
<meta property="og:locale" content="pt_PT" />
<meta property="og:type" content="article" />
<meta property="og:title" content="Composição / Horário de Atendimento - Agrupamento de Escolas de Gavião" />
<meta property="og:description" content="Turma / Ano Direção de Turma ATENDIMENTO Dia da semana HORÁRIO Pré-escolar de Comenda &hellip;" />
<meta property="og:url" content="https://www.agrupamentoverticalgaviao.pt/?page_id=297" />
<meta property="og:site_name" content="Agrupamento de Escolas de Gavião" />
<meta property="article:modified_time" content="2026-03-21T16:04:01+00:00" />
<meta property="og:image" content="https://www.agrupamentoverticalgaviao.pt/wp-content/uploads/2025/11/Agrupamento-de-Escolas-de-Gaviao.jpg" />
	<meta property="og:image:width" content="1200" />
	<meta property="og:image:height" content="675" />
	<meta property="og:image:type" content="image/jpeg" />
<meta name="twitter:card" content="summary_large_image" />
<meta name="twitter:label1" content="Tempo estimado de leitura" />
	<meta name="twitter:data1" content="2 minutos" />
<script type="application/ld+json" class="yoast-schema-graph">{"@context":"https:\/\/schema.org","@graph":[{"@type":"WebPage","@id":"https:\/\/www.agrupamentoverticalgaviao.pt\/?page_id=297","url":"https:\/\/www.agrupamentoverticalgaviao.pt\/?page_id=297","name":"Composição \/ Horário de Atendimento - Agrupamento de Escolas de Gavião","isPartOf":{"@id":"https:\/\/www.agrupamentoverticalgaviao.pt\/#website"},"datePublished":"2013-11-07T23:57:19+00:00","dateModified":"2026-03-21T16:04:01+00:00","breadcrumb":{"@id":"https:\/\/www.agrupamentoverticalgaviao.pt\/?page_id=297#breadcrumb"},"inLanguage":"pt-PT","potentialAction":[{"@type":"ReadAction","target":["https:\/\/www.agrupamentoverticalgaviao.pt\/?page_id=297"]}]},{"@type":"BreadcrumbList","@id":"https:\/\/www.agrupamentoverticalgaviao.pt\/?page_id=297#breadcrumb","itemListElement":[{"@type":"ListItem","position":1,"name":"Início","item":"https:\/\/www.agrupamentoverticalgaviao.pt\/"},{"@type":"ListItem","position":2,"name":"Composição \/ Horário de Atendimento"}]},{"@type":"WebSite","@id":"https:\/\/www.agrupamentoverticalgaviao.pt\/#website","url":"https:\/\/www.agrupamentoverticalgaviao.pt\/","name":"Agrupamento de Escolas de Gavião","description":"","alternateName":"Agrupamento de Escolas de Gavião","potentialAction":[{"@type":"SearchAction","target":{"@type":"EntryPoint","urlTemplate":"https:\/\/www.agrupamentoverticalgaviao.pt\/?s={search_term_string}"},"query-input":{"@type":"PropertyValueSpecification","valueRequired":true,"valueName":"search_term_string"}}],"inLanguage":"pt-PT"}]}</script>
<!-- / Yoast SEO plugin. -->

Composição / Horário de Atendimento - Agrupamento de Escolas de Gavião

Turma / Ano Direção de Turma ATENDIMENTO Dia da semana HORÁRIO Pré-escolar de Comenda &hellip;

Agrupamento de Escolas de Gavião

Início
