{"id":250,"date":"2013-11-25T15:35:39","date_gmt":"2013-11-25T15:35:39","guid":{"rendered":"http:\/\/www3.agrupamentoverticalgaviao.pt\/pt\/?page_id=250"},"modified":"2025-03-17T23:42:39","modified_gmt":"2025-03-17T23:42:39","slug":"rede-escolar","status":"publish","type":"page","link":"https:\/\/www.agrupamentoverticalgaviao.pt\/?page_id=250","title":{"rendered":"Rede Escolar"},"content":{"rendered":"\n<h3 class=\"wp-block-heading\"><strong>DIMENS\u00c3O DO AGRUPAMENTO \u2013 REDE DE ESTABELECIMENTOS DE EDUCA\u00c7\u00c3O E ENSINO (P\u00daBLICOS) EXISTENTES NO CONCELHO DE GAVI\u00c3O<\/strong><\/h3>\n\n\n\n<h4 class=\"wp-block-heading\"><strong>Carateriza\u00e7\u00e3o Institucional<\/strong><\/h4>\n\n\n\n<p>O Agrupamento de Escolas de Gavi\u00e3o \u00e9 constitu\u00eddo pela Escola B\u00e1sica e Secund\u00e1ria de Gavi\u00e3o (sede do Agrupamento), bem como pela Escola B\u00e1sica de Comenda e Jardim de Inf\u00e2ncia de Comenda.<\/p>\n\n\n\n<figure class=\"wp-block-table\"><table><tbody><tr><td><strong>NOME DO ESTABELECIMENTO DE ENSINO<\/strong><\/td><td><strong>OFERTA EDUCATIVA \/ FORMATIVA<\/strong><\/td><\/tr><tr><td><strong>Escola B\u00e1sica de Comenda\/ Jardim de Inf\u00e2ncia de Comenda<\/strong><\/td><td><strong>Pr\u00e9-Escolar<\/strong><br><strong>1\u00ba Ciclo do Ensino B\u00e1sico<\/strong><\/td><\/tr><tr><td><strong>Escola B\u00e1sica e Secund\u00e1ria de Gavi\u00e3o<\/strong><\/td><td><strong>Pr\u00e9-Escolar<\/strong><strong><br>1\u00b0 Ciclo do Ensino B\u00e1sico<br>2\u00b0 Ciclo do Ensino B\u00e1sico<br>3\u00b0 Ciclo do Ensino B\u00e1sico<br>Secund\u00e1rio Profissional<\/strong><\/td><\/tr><\/tbody><\/table><\/figure>\n\n\n\n<h4 class=\"wp-block-heading\"><strong>Contextualiza\u00e7\u00e3o hist\u00f3rica<\/strong><\/h4>\n\n\n\n<p>Os estudos preparat\u00f3rios em Gavi\u00e3o remontam a Outubro de 1973, data em que se inaugurou a Escola Preparat\u00f3ria Hip\u00f3lito Raposo, a qual funcionava no antigo semin\u00e1rio, situado na pra\u00e7a do Munic\u00edpio.<\/p>\n\n\n\n<p>Constru\u00edram-se novas instala\u00e7\u00f5es e no ano letivo de 1975\/76 a Escola come\u00e7ou a funcionar na rua Francisco Ventura, mantendo o mesmo nome at\u00e9 novembro de 1979, altura em que passou a designar-se Escola Preparat\u00f3ria de Gavi\u00e3o. Atrav\u00e9s da Portaria n\u00ba346\/1985 mudou novamente de nome, passando a denominar-se Escola C+S de Gavi\u00e3o. Pela Portaria n\u00ba 560-A\/1997, a partir de 1 de Setembro desse ano a Escola passou a designar-se Escola B\u00e1sica 1,2,3 de Gavi\u00e3o. Posteriormente, a 1 de Dezembro do mesmo ano, assumiu o nome de Escola B\u00e1sica Integrada de Gavi\u00e3o (Decreto-Lei n\u00ba 314\/1997, de 15 de Novembro), tendo passado, em 1 de Setembro de 2001, para Escola B\u00e1sica Integrada com Jardim de Inf\u00e2ncia de Gavi\u00e3o (Portaria 1046-A\/2001, de 31 de Agosto).<\/p>\n\n\n\n<p>Por Despacho do Senhor Diretor Regional de Educa\u00e7\u00e3o do Alentejo, datado de 3 de Abril de 2004, foi homologada a proposta de constitui\u00e7\u00e3o do Agrupamento Vertical de Gavi\u00e3o.<\/p>\n\n\n\n<p>Pela aplica\u00e7\u00e3o do Decreto-Lei n\u00ba299\/2007, passou a denominar-se Agrupamento de Escolas de Gavi\u00e3o.<\/p>\n","protected":false},"excerpt":{"rendered":"<p>DIMENS\u00c3O DO AGRUPAMENTO \u2013 REDE DE ESTABELECIMENTOS DE EDUCA\u00c7\u00c3O E ENSINO (P\u00daBLICOS) EXISTENTES NO &hellip; <\/p>\n","protected":false},"author":1,"featured_media":0,"parent":0,"menu_order":0,"comment_status":"closed","ping_status":"closed","template":"","meta":{"footnotes":""},"class_list":["post-250","page","type-page","status-publish","hentry"],"yoast_head":"<!-- This site is optimized with the Yoast SEO plugin v27.5 - https:\/\/yoast.com\/product\/yoast-seo-wordpress\/ -->\n<title>Rede Escolar - Agrupamento de Escolas de Gavi\u00e3o<\/title>\n<meta name=\"robots\" content=\"index, follow, max-snippet:-1, max-image-preview:large, max-video-preview:-1\" \/>\n<link rel=\"canonical\" href=\"https:\/\/www.agrupamentoverticalgaviao.pt\/?page_id=250\" \/>\n<meta property=\"og:locale\" content=\"pt_PT\" \/>\n<meta property=\"og:type\" content=\"article\" \/>\n<meta property=\"og:title\" content=\"Rede Escolar - Agrupamento de Escolas de Gavi\u00e3o\" \/>\n<meta property=\"og:description\" content=\"DIMENS\u00c3O DO AGRUPAMENTO \u2013 REDE DE ESTABELECIMENTOS DE EDUCA\u00c7\u00c3O E ENSINO (P\u00daBLICOS) EXISTENTES NO &hellip;\" \/>\n<meta property=\"og:url\" content=\"https:\/\/www.agrupamentoverticalgaviao.pt\/?page_id=250\" \/>\n<meta property=\"og:site_name\" content=\"Agrupamento de Escolas de Gavi\u00e3o\" \/>\n<meta property=\"article:modified_time\" content=\"2025-03-17T23:42:39+00:00\" \/>\n<meta property=\"og:image\" content=\"https:\/\/www.agrupamentoverticalgaviao.pt\/wp-content\/uploads\/2025\/11\/Agrupamento-de-Escolas-de-Gaviao.jpg\" \/>\n\t<meta property=\"og:image:width\" content=\"1200\" \/>\n\t<meta property=\"og:image:height\" content=\"675\" \/>\n\t<meta property=\"og:image:type\" content=\"image\/jpeg\" \/>\n<meta name=\"twitter:card\" content=\"summary_large_image\" \/>\n<meta name=\"twitter:label1\" content=\"Tempo estimado de leitura\" \/>\n\t<meta name=\"twitter:data1\" content=\"2 minutos\" \/>\n<script type=\"application\/ld+json\" class=\"yoast-schema-graph\">{\"@context\":\"https:\\\/\\\/schema.org\",\"@graph\":[{\"@type\":\"WebPage\",\"@id\":\"https:\\\/\\\/www.agrupamentoverticalgaviao.pt\\\/?page_id=250\",\"url\":\"https:\\\/\\\/www.agrupamentoverticalgaviao.pt\\\/?page_id=250\",\"name\":\"Rede Escolar - Agrupamento de Escolas de Gavi\u00e3o\",\"isPartOf\":{\"@id\":\"https:\\\/\\\/www.agrupamentoverticalgaviao.pt\\\/#website\"},\"datePublished\":\"2013-11-25T15:35:39+00:00\",\"dateModified\":\"2025-03-17T23:42:39+00:00\",\"breadcrumb\":{\"@id\":\"https:\\\/\\\/www.agrupamentoverticalgaviao.pt\\\/?page_id=250#breadcrumb\"},\"inLanguage\":\"pt-PT\",\"potentialAction\":[{\"@type\":\"ReadAction\",\"target\":[\"https:\\\/\\\/www.agrupamentoverticalgaviao.pt\\\/?page_id=250\"]}]},{\"@type\":\"BreadcrumbList\",\"@id\":\"https:\\\/\\\/www.agrupamentoverticalgaviao.pt\\\/?page_id=250#breadcrumb\",\"itemListElement\":[{\"@type\":\"ListItem\",\"position\":1,\"name\":\"In\u00edcio\",\"item\":\"https:\\\/\\\/www.agrupamentoverticalgaviao.pt\\\/\"},{\"@type\":\"ListItem\",\"position\":2,\"name\":\"Rede Escolar\"}]},{\"@type\":\"WebSite\",\"@id\":\"https:\\\/\\\/www.agrupamentoverticalgaviao.pt\\\/#website\",\"url\":\"https:\\\/\\\/www.agrupamentoverticalgaviao.pt\\\/\",\"name\":\"Agrupamento de Escolas de Gavi\u00e3o\",\"description\":\"\",\"alternateName\":\"Agrupamento de Escolas de Gavi\u00e3o\",\"potentialAction\":[{\"@type\":\"SearchAction\",\"target\":{\"@type\":\"EntryPoint\",\"urlTemplate\":\"https:\\\/\\\/www.agrupamentoverticalgaviao.pt\\\/?s={search_term_string}\"},\"query-input\":{\"@type\":\"PropertyValueSpecification\",\"valueRequired\":true,\"valueName\":\"search_term_string\"}}],\"inLanguage\":\"pt-PT\"}]}<\/script>\n<!-- \/ Yoast SEO plugin. -->","yoast_head_json":{"title":"Rede Escolar - Agrupamento de Escolas de Gavi\u00e3o","robots":{"index":"index","follow":"follow","max-snippet":"max-snippet:-1","max-image-preview":"max-image-preview:large","max-video-preview":"max-video-preview:-1"},"canonical":"https:\/\/www.agrupamentoverticalgaviao.pt\/?page_id=250","og_locale":"pt_PT","og_type":"article","og_title":"Rede Escolar - Agrupamento de Escolas de Gavi\u00e3o","og_description":"DIMENS\u00c3O DO AGRUPAMENTO \u2013 REDE DE ESTABELECIMENTOS DE EDUCA\u00c7\u00c3O E ENSINO (P\u00daBLICOS) EXISTENTES NO &hellip;","og_url":"https:\/\/www.agrupamentoverticalgaviao.pt\/?page_id=250","og_site_name":"Agrupamento de Escolas de Gavi\u00e3o","article_modified_time":"2025-03-17T23:42:39+00:00","og_image":[{"width":1200,"height":675,"url":"https:\/\/www.agrupamentoverticalgaviao.pt\/wp-content\/uploads\/2025\/11\/Agrupamento-de-Escolas-de-Gaviao.jpg","type":"image\/jpeg"}],"twitter_card":"summary_large_image","twitter_misc":{"Tempo estimado de leitura":"2 minutos"},"schema":{"@context":"https:\/\/schema.org","@graph":[{"@type":"WebPage","@id":"https:\/\/www.agrupamentoverticalgaviao.pt\/?page_id=250","url":"https:\/\/www.agrupamentoverticalgaviao.pt\/?page_id=250","name":"Rede Escolar - Agrupamento de Escolas de Gavi\u00e3o","isPartOf":{"@id":"https:\/\/www.agrupamentoverticalgaviao.pt\/#website"},"datePublished":"2013-11-25T15:35:39+00:00","dateModified":"2025-03-17T23:42:39+00:00","breadcrumb":{"@id":"https:\/\/www.agrupamentoverticalgaviao.pt\/?page_id=250#breadcrumb"},"inLanguage":"pt-PT","potentialAction":[{"@type":"ReadAction","target":["https:\/\/www.agrupamentoverticalgaviao.pt\/?page_id=250"]}]},{"@type":"BreadcrumbList","@id":"https:\/\/www.agrupamentoverticalgaviao.pt\/?page_id=250#breadcrumb","itemListElement":[{"@type":"ListItem","position":1,"name":"In\u00edcio","item":"https:\/\/www.agrupamentoverticalgaviao.pt\/"},{"@type":"ListItem","position":2,"name":"Rede Escolar"}]},{"@type":"WebSite","@id":"https:\/\/www.agrupamentoverticalgaviao.pt\/#website","url":"https:\/\/www.agrupamentoverticalgaviao.pt\/","name":"Agrupamento de Escolas de Gavi\u00e3o","description":"","alternateName":"Agrupamento de Escolas de Gavi\u00e3o","potentialAction":[{"@type":"SearchAction","target":{"@type":"EntryPoint","urlTemplate":"https:\/\/www.agrupamentoverticalgaviao.pt\/?s={search_term_string}"},"query-input":{"@type":"PropertyValueSpecification","valueRequired":true,"valueName":"search_term_string"}}],"inLanguage":"pt-PT"}]}},"_links":{"self":[{"href":"https:\/\/www.agrupamentoverticalgaviao.pt\/index.php?rest_route=\/wp\/v2\/pages\/250","targetHints":{"allow":["GET"]}}],"collection":[{"href":"https:\/\/www.agrupamentoverticalgaviao.pt\/index.php?rest_route=\/wp\/v2\/pages"}],"about":[{"href":"https:\/\/www.agrupamentoverticalgaviao.pt\/index.php?rest_route=\/wp\/v2\/types\/page"}],"author":[{"embeddable":true,"href":"https:\/\/www.agrupamentoverticalgaviao.pt\/index.php?rest_route=\/wp\/v2\/users\/1"}],"replies":[{"embeddable":true,"href":"https:\/\/www.agrupamentoverticalgaviao.pt\/index.php?rest_route=%2Fwp%2Fv2%2Fcomments&post=250"}],"version-history":[{"count":2,"href":"https:\/\/www.agrupamentoverticalgaviao.pt\/index.php?rest_route=\/wp\/v2\/pages\/250\/revisions"}],"predecessor-version":[{"id":45935,"href":"https:\/\/www.agrupamentoverticalgaviao.pt\/index.php?rest_route=\/wp\/v2\/pages\/250\/revisions\/45935"}],"wp:attachment":[{"href":"https:\/\/www.agrupamentoverticalgaviao.pt\/index.php?rest_route=%2Fwp%2Fv2%2Fmedia&parent=250"}],"curies":[{"name":"wp","href":"https:\/\/api.w.org\/{rel}","templated":true}]}}

<h3 class="wp-block-heading"><strong>DIMENSÃO DO AGRUPAMENTO – REDE DE ESTABELECIMENTOS DE EDUCAÇÃO E ENSINO (PÚBLICOS) EXISTENTES NO CONCELHO DE GAVIÃO</strong></h3>



<h4 class="wp-block-heading"><strong>Caraterização Institucional</strong></h4>



<p>O Agrupamento de Escolas de Gavião é constituído pela Escola Básica e Secundária de Gavião (sede do Agrupamento), bem como pela Escola Básica de Comenda e Jardim de Infância de Comenda.</p>



<figure class="wp-block-table"><table><tbody><tr><td><strong>NOME DO ESTABELECIMENTO DE ENSINO</strong></td><td><strong>OFERTA EDUCATIVA / FORMATIVA</strong></td></tr><tr><td><strong>Escola Básica de Comenda/ Jardim de Infância de Comenda</strong></td><td><strong>Pré-Escolar</strong><br><strong>1º Ciclo do Ensino Básico</strong></td></tr><tr><td><strong>Escola Básica e Secundária de Gavião</strong></td><td><strong>Pré-Escolar</strong><strong><br>1° Ciclo do Ensino Básico<br>2° Ciclo do Ensino Básico<br>3° Ciclo do Ensino Básico<br>Secundário Profissional</strong></td></tr></tbody></table></figure>



<h4 class="wp-block-heading"><strong>Contextualização histórica</strong></h4>



<p>Os estudos preparatórios em Gavião remontam a Outubro de 1973, data em que se inaugurou a Escola Preparatória Hipólito Raposo, a qual funcionava no antigo seminário, situado na praça do Município.</p>



<p>Construíram-se novas instalações e no ano letivo de 1975/76 a Escola começou a funcionar na rua Francisco Ventura, mantendo o mesmo nome até novembro de 1979, altura em que passou a designar-se Escola Preparatória de Gavião. Através da Portaria nº346/1985 mudou novamente de nome, passando a denominar-se Escola C+S de Gavião. Pela Portaria nº 560-A/1997, a partir de 1 de Setembro desse ano a Escola passou a designar-se Escola Básica 1,2,3 de Gavião. Posteriormente, a 1 de Dezembro do mesmo ano, assumiu o nome de Escola Básica Integrada de Gavião (Decreto-Lei nº 314/1997, de 15 de Novembro), tendo passado, em 1 de Setembro de 2001, para Escola Básica Integrada com Jardim de Infância de Gavião (Portaria 1046-A/2001, de 31 de Agosto).</p>



<p>Por Despacho do Senhor Diretor Regional de Educação do Alentejo, datado de 3 de Abril de 2004, foi homologada a proposta de constituição do Agrupamento Vertical de Gavião.</p>



<p>Pela aplicação do Decreto-Lei nº299/2007, passou a denominar-se Agrupamento de Escolas de Gavião.</p>

<p>DIMENSÃO DO AGRUPAMENTO – REDE DE ESTABELECIMENTOS DE EDUCAÇÃO E ENSINO (PÚBLICOS) EXISTENTES NO &hellip; </p>

<!-- This site is optimized with the Yoast SEO plugin v27.5 - https://yoast.com/product/yoast-seo-wordpress/ -->
<title>Rede Escolar - Agrupamento de Escolas de Gavião</title>
<meta name="robots" content="index, follow, max-snippet:-1, max-image-preview:large, max-video-preview:-1" />
<link rel="canonical" href="https://www.agrupamentoverticalgaviao.pt/?page_id=250" />
<meta property="og:locale" content="pt_PT" />
<meta property="og:type" content="article" />
<meta property="og:title" content="Rede Escolar - Agrupamento de Escolas de Gavião" />
<meta property="og:description" content="DIMENSÃO DO AGRUPAMENTO – REDE DE ESTABELECIMENTOS DE EDUCAÇÃO E ENSINO (PÚBLICOS) EXISTENTES NO &hellip;" />
<meta property="og:url" content="https://www.agrupamentoverticalgaviao.pt/?page_id=250" />
<meta property="og:site_name" content="Agrupamento de Escolas de Gavião" />
<meta property="article:modified_time" content="2025-03-17T23:42:39+00:00" />
<meta property="og:image" content="https://www.agrupamentoverticalgaviao.pt/wp-content/uploads/2025/11/Agrupamento-de-Escolas-de-Gaviao.jpg" />
	<meta property="og:image:width" content="1200" />
	<meta property="og:image:height" content="675" />
	<meta property="og:image:type" content="image/jpeg" />
<meta name="twitter:card" content="summary_large_image" />
<meta name="twitter:label1" content="Tempo estimado de leitura" />
	<meta name="twitter:data1" content="2 minutos" />
<script type="application/ld+json" class="yoast-schema-graph">{"@context":"https:\/\/schema.org","@graph":[{"@type":"WebPage","@id":"https:\/\/www.agrupamentoverticalgaviao.pt\/?page_id=250","url":"https:\/\/www.agrupamentoverticalgaviao.pt\/?page_id=250","name":"Rede Escolar - Agrupamento de Escolas de Gavião","isPartOf":{"@id":"https:\/\/www.agrupamentoverticalgaviao.pt\/#website"},"datePublished":"2013-11-25T15:35:39+00:00","dateModified":"2025-03-17T23:42:39+00:00","breadcrumb":{"@id":"https:\/\/www.agrupamentoverticalgaviao.pt\/?page_id=250#breadcrumb"},"inLanguage":"pt-PT","potentialAction":[{"@type":"ReadAction","target":["https:\/\/www.agrupamentoverticalgaviao.pt\/?page_id=250"]}]},{"@type":"BreadcrumbList","@id":"https:\/\/www.agrupamentoverticalgaviao.pt\/?page_id=250#breadcrumb","itemListElement":[{"@type":"ListItem","position":1,"name":"Início","item":"https:\/\/www.agrupamentoverticalgaviao.pt\/"},{"@type":"ListItem","position":2,"name":"Rede Escolar"}]},{"@type":"WebSite","@id":"https:\/\/www.agrupamentoverticalgaviao.pt\/#website","url":"https:\/\/www.agrupamentoverticalgaviao.pt\/","name":"Agrupamento de Escolas de Gavião","description":"","alternateName":"Agrupamento de Escolas de Gavião","potentialAction":[{"@type":"SearchAction","target":{"@type":"EntryPoint","urlTemplate":"https:\/\/www.agrupamentoverticalgaviao.pt\/?s={search_term_string}"},"query-input":{"@type":"PropertyValueSpecification","valueRequired":true,"valueName":"search_term_string"}}],"inLanguage":"pt-PT"}]}</script>
<!-- / Yoast SEO plugin. -->

Rede Escolar - Agrupamento de Escolas de Gavião

DIMENSÃO DO AGRUPAMENTO – REDE DE ESTABELECIMENTOS DE EDUCAÇÃO E ENSINO (PÚBLICOS) EXISTENTES NO &hellip;

Agrupamento de Escolas de Gavião

Início
