{"id":198,"date":"2013-10-30T12:05:56","date_gmt":"2013-10-30T12:05:56","guid":{"rendered":"http:\/\/www3.agrupamentoverticalgaviao.pt\/pt\/?page_id=198"},"modified":"2019-11-10T23:52:19","modified_gmt":"2019-11-10T23:52:19","slug":"seguranca","status":"publish","type":"page","link":"https:\/\/www.agrupamentoverticalgaviao.pt\/?page_id=198","title":{"rendered":"Seguran\u00e7a"},"content":{"rendered":"\n<div class=\"wp-block-file\"><a href=\"http:\/\/www.agrupamentoverticalgaviao.pt\/pt\/wp-content\/uploads\/2019\/11\/Brochura_sismos.pdf\" target=\"_blank\" rel=\"noreferrer noopener\">Sismos &#8211; Prepare-se e Proteja-se<\/a><a href=\"http:\/\/www.agrupamentoverticalgaviao.pt\/pt\/wp-content\/uploads\/2019\/11\/Brochura_sismos.pdf\" class=\"wp-block-file__button\" download>Descarregar<\/a><\/div>\n\n\n<p><a title=\"Folheto\" href=\"http:\/\/www.agrupamentoverticalgaviao.pt\/pt\/wp-content\/uploads\/2013\/10\/Folheto.pdf\" target=\"_blank\" rel=\"noopener noreferrer\"><img loading=\"lazy\" decoding=\"async\" class=\"size-full wp-image-1429 aligncenter\" src=\"http:\/\/www.agrupamentoverticalgaviao.pt\/pt\/wp-content\/uploads\/2013\/10\/Folheto-seguranca.png\" alt=\"Folheto-seguranca\" width=\"520\" height=\"373\" srcset=\"https:\/\/www.agrupamentoverticalgaviao.pt\/wp-content\/uploads\/2013\/10\/Folheto-seguranca.png 520w, https:\/\/www.agrupamentoverticalgaviao.pt\/wp-content\/uploads\/2013\/10\/Folheto-seguranca-300x215.png 300w\" sizes=\"auto, (max-width: 520px) 100vw, 520px\" \/><\/a><\/p>\n<ul>\n<li><a href=\"http:\/\/www.agrupamentoverticalgaviao.pt\/pt\/wp-content\/uploads\/2013\/10\/Folheto.pdf\">Download (PDF)<\/a><\/li>\n<\/ul>\n<p>&nbsp;<\/p>\n<p><a href=\"http:\/\/www.agrupamentoverticalgaviao.pt\/pt\/wp-content\/uploads\/2013\/10\/Inc\u00eandios-na-Escola.ppt\"><img loading=\"lazy\" decoding=\"async\" class=\"aligncenter wp-image-11070 size-full\" src=\"http:\/\/www.agrupamentoverticalgaviao.pt\/pt\/wp-content\/uploads\/2013\/10\/incendios.jpg\" alt=\"incendios\" width=\"550\" height=\"435\" srcset=\"https:\/\/www.agrupamentoverticalgaviao.pt\/wp-content\/uploads\/2013\/10\/incendios.jpg 550w, https:\/\/www.agrupamentoverticalgaviao.pt\/wp-content\/uploads\/2013\/10\/incendios-300x237.jpg 300w\" sizes=\"auto, (max-width: 550px) 100vw, 550px\" \/><\/a><\/p>\n<ul>\n<li><a href=\"http:\/\/www.agrupamentoverticalgaviao.pt\/pt\/wp-content\/uploads\/2013\/10\/Inc\u00eandios-na-Escola.ppt\" target=\"_blank\" rel=\"noopener noreferrer\">Inc\u00eandios na Escola<\/a>&nbsp;(PPT)<\/li>\n<\/ul>","protected":false},"excerpt":{"rendered":"<p>Download (PDF) &nbsp; Inc\u00eandios na Escola&nbsp;(PPT)<\/p>\n","protected":false},"author":1,"featured_media":0,"parent":0,"menu_order":0,"comment_status":"open","ping_status":"closed","template":"","meta":{"footnotes":""},"class_list":["post-198","page","type-page","status-publish","hentry"],"yoast_head":"<!-- This site is optimized with the Yoast SEO plugin v27.6 - https:\/\/yoast.com\/product\/yoast-seo-wordpress\/ -->\n<title>Seguran\u00e7a - Agrupamento de Escolas de Gavi\u00e3o<\/title>\n<meta name=\"robots\" content=\"index, follow, max-snippet:-1, max-image-preview:large, max-video-preview:-1\" \/>\n<link rel=\"canonical\" href=\"https:\/\/www.agrupamentoverticalgaviao.pt\/?page_id=198\" \/>\n<meta property=\"og:locale\" content=\"pt_PT\" \/>\n<meta property=\"og:type\" content=\"article\" \/>\n<meta property=\"og:title\" content=\"Seguran\u00e7a - Agrupamento de Escolas de Gavi\u00e3o\" \/>\n<meta property=\"og:description\" content=\"Download (PDF) &nbsp; Inc\u00eandios na Escola&nbsp;(PPT)\" \/>\n<meta property=\"og:url\" content=\"https:\/\/www.agrupamentoverticalgaviao.pt\/?page_id=198\" \/>\n<meta property=\"og:site_name\" content=\"Agrupamento de Escolas de Gavi\u00e3o\" \/>\n<meta property=\"article:modified_time\" content=\"2019-11-10T23:52:19+00:00\" \/>\n<meta property=\"og:image\" content=\"https:\/\/www.agrupamentoverticalgaviao.pt\/wp-content\/uploads\/2013\/10\/Folheto-seguranca.png\" \/>\n\t<meta property=\"og:image:width\" content=\"520\" \/>\n\t<meta property=\"og:image:height\" content=\"373\" \/>\n\t<meta property=\"og:image:type\" content=\"image\/png\" \/>\n<meta name=\"twitter:card\" content=\"summary_large_image\" \/>\n<script type=\"application\/ld+json\" class=\"yoast-schema-graph\">{\"@context\":\"https:\\\/\\\/schema.org\",\"@graph\":[{\"@type\":\"WebPage\",\"@id\":\"https:\\\/\\\/www.agrupamentoverticalgaviao.pt\\\/?page_id=198\",\"url\":\"https:\\\/\\\/www.agrupamentoverticalgaviao.pt\\\/?page_id=198\",\"name\":\"Seguran\u00e7a - Agrupamento de Escolas de Gavi\u00e3o\",\"isPartOf\":{\"@id\":\"https:\\\/\\\/www.agrupamentoverticalgaviao.pt\\\/#website\"},\"primaryImageOfPage\":{\"@id\":\"https:\\\/\\\/www.agrupamentoverticalgaviao.pt\\\/?page_id=198#primaryimage\"},\"image\":{\"@id\":\"https:\\\/\\\/www.agrupamentoverticalgaviao.pt\\\/?page_id=198#primaryimage\"},\"thumbnailUrl\":\"http:\\\/\\\/www.agrupamentoverticalgaviao.pt\\\/pt\\\/wp-content\\\/uploads\\\/2013\\\/10\\\/Folheto-seguranca.png\",\"datePublished\":\"2013-10-30T12:05:56+00:00\",\"dateModified\":\"2019-11-10T23:52:19+00:00\",\"breadcrumb\":{\"@id\":\"https:\\\/\\\/www.agrupamentoverticalgaviao.pt\\\/?page_id=198#breadcrumb\"},\"inLanguage\":\"pt-PT\",\"potentialAction\":[{\"@type\":\"ReadAction\",\"target\":[\"https:\\\/\\\/www.agrupamentoverticalgaviao.pt\\\/?page_id=198\"]}]},{\"@type\":\"ImageObject\",\"inLanguage\":\"pt-PT\",\"@id\":\"https:\\\/\\\/www.agrupamentoverticalgaviao.pt\\\/?page_id=198#primaryimage\",\"url\":\"https:\\\/\\\/www.agrupamentoverticalgaviao.pt\\\/wp-content\\\/uploads\\\/2013\\\/10\\\/Folheto-seguranca.png\",\"contentUrl\":\"https:\\\/\\\/www.agrupamentoverticalgaviao.pt\\\/wp-content\\\/uploads\\\/2013\\\/10\\\/Folheto-seguranca.png\",\"width\":520,\"height\":373},{\"@type\":\"BreadcrumbList\",\"@id\":\"https:\\\/\\\/www.agrupamentoverticalgaviao.pt\\\/?page_id=198#breadcrumb\",\"itemListElement\":[{\"@type\":\"ListItem\",\"position\":1,\"name\":\"In\u00edcio\",\"item\":\"https:\\\/\\\/www.agrupamentoverticalgaviao.pt\\\/\"},{\"@type\":\"ListItem\",\"position\":2,\"name\":\"Seguran\u00e7a\"}]},{\"@type\":\"WebSite\",\"@id\":\"https:\\\/\\\/www.agrupamentoverticalgaviao.pt\\\/#website\",\"url\":\"https:\\\/\\\/www.agrupamentoverticalgaviao.pt\\\/\",\"name\":\"Agrupamento de Escolas de Gavi\u00e3o\",\"description\":\"\",\"alternateName\":\"Agrupamento de Escolas de Gavi\u00e3o\",\"potentialAction\":[{\"@type\":\"SearchAction\",\"target\":{\"@type\":\"EntryPoint\",\"urlTemplate\":\"https:\\\/\\\/www.agrupamentoverticalgaviao.pt\\\/?s={search_term_string}\"},\"query-input\":{\"@type\":\"PropertyValueSpecification\",\"valueRequired\":true,\"valueName\":\"search_term_string\"}}],\"inLanguage\":\"pt-PT\"}]}<\/script>\n<!-- \/ Yoast SEO plugin. -->","yoast_head_json":{"title":"Seguran\u00e7a - Agrupamento de Escolas de Gavi\u00e3o","robots":{"index":"index","follow":"follow","max-snippet":"max-snippet:-1","max-image-preview":"max-image-preview:large","max-video-preview":"max-video-preview:-1"},"canonical":"https:\/\/www.agrupamentoverticalgaviao.pt\/?page_id=198","og_locale":"pt_PT","og_type":"article","og_title":"Seguran\u00e7a - Agrupamento de Escolas de Gavi\u00e3o","og_description":"Download (PDF) &nbsp; Inc\u00eandios na Escola&nbsp;(PPT)","og_url":"https:\/\/www.agrupamentoverticalgaviao.pt\/?page_id=198","og_site_name":"Agrupamento de Escolas de Gavi\u00e3o","article_modified_time":"2019-11-10T23:52:19+00:00","og_image":[{"width":520,"height":373,"url":"https:\/\/www.agrupamentoverticalgaviao.pt\/wp-content\/uploads\/2013\/10\/Folheto-seguranca.png","type":"image\/png"}],"twitter_card":"summary_large_image","schema":{"@context":"https:\/\/schema.org","@graph":[{"@type":"WebPage","@id":"https:\/\/www.agrupamentoverticalgaviao.pt\/?page_id=198","url":"https:\/\/www.agrupamentoverticalgaviao.pt\/?page_id=198","name":"Seguran\u00e7a - Agrupamento de Escolas de Gavi\u00e3o","isPartOf":{"@id":"https:\/\/www.agrupamentoverticalgaviao.pt\/#website"},"primaryImageOfPage":{"@id":"https:\/\/www.agrupamentoverticalgaviao.pt\/?page_id=198#primaryimage"},"image":{"@id":"https:\/\/www.agrupamentoverticalgaviao.pt\/?page_id=198#primaryimage"},"thumbnailUrl":"http:\/\/www.agrupamentoverticalgaviao.pt\/pt\/wp-content\/uploads\/2013\/10\/Folheto-seguranca.png","datePublished":"2013-10-30T12:05:56+00:00","dateModified":"2019-11-10T23:52:19+00:00","breadcrumb":{"@id":"https:\/\/www.agrupamentoverticalgaviao.pt\/?page_id=198#breadcrumb"},"inLanguage":"pt-PT","potentialAction":[{"@type":"ReadAction","target":["https:\/\/www.agrupamentoverticalgaviao.pt\/?page_id=198"]}]},{"@type":"ImageObject","inLanguage":"pt-PT","@id":"https:\/\/www.agrupamentoverticalgaviao.pt\/?page_id=198#primaryimage","url":"https:\/\/www.agrupamentoverticalgaviao.pt\/wp-content\/uploads\/2013\/10\/Folheto-seguranca.png","contentUrl":"https:\/\/www.agrupamentoverticalgaviao.pt\/wp-content\/uploads\/2013\/10\/Folheto-seguranca.png","width":520,"height":373},{"@type":"BreadcrumbList","@id":"https:\/\/www.agrupamentoverticalgaviao.pt\/?page_id=198#breadcrumb","itemListElement":[{"@type":"ListItem","position":1,"name":"In\u00edcio","item":"https:\/\/www.agrupamentoverticalgaviao.pt\/"},{"@type":"ListItem","position":2,"name":"Seguran\u00e7a"}]},{"@type":"WebSite","@id":"https:\/\/www.agrupamentoverticalgaviao.pt\/#website","url":"https:\/\/www.agrupamentoverticalgaviao.pt\/","name":"Agrupamento de Escolas de Gavi\u00e3o","description":"","alternateName":"Agrupamento de Escolas de Gavi\u00e3o","potentialAction":[{"@type":"SearchAction","target":{"@type":"EntryPoint","urlTemplate":"https:\/\/www.agrupamentoverticalgaviao.pt\/?s={search_term_string}"},"query-input":{"@type":"PropertyValueSpecification","valueRequired":true,"valueName":"search_term_string"}}],"inLanguage":"pt-PT"}]}},"_links":{"self":[{"href":"https:\/\/www.agrupamentoverticalgaviao.pt\/index.php?rest_route=\/wp\/v2\/pages\/198","targetHints":{"allow":["GET"]}}],"collection":[{"href":"https:\/\/www.agrupamentoverticalgaviao.pt\/index.php?rest_route=\/wp\/v2\/pages"}],"about":[{"href":"https:\/\/www.agrupamentoverticalgaviao.pt\/index.php?rest_route=\/wp\/v2\/types\/page"}],"author":[{"embeddable":true,"href":"https:\/\/www.agrupamentoverticalgaviao.pt\/index.php?rest_route=\/wp\/v2\/users\/1"}],"replies":[{"embeddable":true,"href":"https:\/\/www.agrupamentoverticalgaviao.pt\/index.php?rest_route=%2Fwp%2Fv2%2Fcomments&post=198"}],"version-history":[{"count":1,"href":"https:\/\/www.agrupamentoverticalgaviao.pt\/index.php?rest_route=\/wp\/v2\/pages\/198\/revisions"}],"predecessor-version":[{"id":46067,"href":"https:\/\/www.agrupamentoverticalgaviao.pt\/index.php?rest_route=\/wp\/v2\/pages\/198\/revisions\/46067"}],"wp:attachment":[{"href":"https:\/\/www.agrupamentoverticalgaviao.pt\/index.php?rest_route=%2Fwp%2Fv2%2Fmedia&parent=198"}],"curies":[{"name":"wp","href":"https:\/\/api.w.org\/{rel}","templated":true}]}}